{"id":52,"date":"2024-06-26T10:34:11","date_gmt":"2024-06-26T08:34:11","guid":{"rendered":"https:\/\/toptravaux-renovation.fr\/?page_id=52"},"modified":"2024-07-18T10:34:16","modified_gmt":"2024-07-18T08:34:16","slug":"services","status":"publish","type":"page","link":"https:\/\/toptravaux-renovation.fr\/index.php\/services\/","title":{"rendered":"Services"},"content":{"rendered":"<p>[et_pb_section fb_built=\u00a0\u00bb1&Prime; _builder_version=\u00a0\u00bb4.25.2&Prime; _module_preset=\u00a0\u00bbdefault\u00a0\u00bb da_disable_devices=\u00a0\u00bboff|off|off\u00a0\u00bb global_colors_info=\u00a0\u00bb{}\u00a0\u00bb da_is_popup=\u00a0\u00bboff\u00a0\u00bb da_exit_intent=\u00a0\u00bboff\u00a0\u00bb da_has_close=\u00a0\u00bbon\u00a0\u00bb da_alt_close=\u00a0\u00bboff\u00a0\u00bb da_dark_close=\u00a0\u00bboff\u00a0\u00bb da_not_modal=\u00a0\u00bbon\u00a0\u00bb da_is_singular=\u00a0\u00bboff\u00a0\u00bb da_with_loader=\u00a0\u00bboff\u00a0\u00bb da_has_shadow=\u00a0\u00bbon\u00a0\u00bb][et_pb_row _builder_version=\u00a0\u00bb4.25.2&Prime; _module_preset=\u00a0\u00bbdefault\u00a0\u00bb global_colors_info=\u00a0\u00bb{}\u00a0\u00bb][et_pb_column type=\u00a0\u00bb4_4&Prime; _builder_version=\u00a0\u00bb4.25.2&Prime; _module_preset=\u00a0\u00bbdefault\u00a0\u00bb global_colors_info=\u00a0\u00bb{}\u00a0\u00bb][et_pb_text _builder_version=\u00a0\u00bb4.25.2&Prime; _module_preset=\u00a0\u00bbdefault\u00a0\u00bb text_font=\u00a0\u00bbMontserrat|700|||||||\u00a0\u00bb text_text_color=\u00a0\u00bb#0057b7&Prime; text_font_size=\u00a0\u00bb36px\u00a0\u00bb text_orientation=\u00a0\u00bbcenter\u00a0\u00bb text_font_size_tablet=\u00a0\u00bb26px\u00a0\u00bb text_font_size_phone=\u00a0\u00bb20px\u00a0\u00bb text_font_size_last_edited=\u00a0\u00bbon|phone\u00a0\u00bb global_colors_info=\u00a0\u00bb{}\u00a0\u00bb]<\/p>\n<p><span>Nos Services de R\u00e9novation<\/span><\/p>\n<p>[\/et_pb_text][et_pb_divider divider_weight=\u00a0\u00bb7px\u00a0\u00bb divider_weight_tablet=\u00a0\u00bb7px\u00a0\u00bb divider_weight_phone=\u00a0\u00bb7px\u00a0\u00bb divider_weight_last_edited=\u00a0\u00bbon|phone\u00a0\u00bb _builder_version=\u00a0\u00bb4.25.2&Prime; _module_preset=\u00a0\u00bbdefault\u00a0\u00bb width=\u00a0\u00bb33%\u00a0\u00bb module_alignment=\u00a0\u00bbcenter\u00a0\u00bb border_radii=\u00a0\u00bbon|4px|4px|4px|4px\u00a0\u00bb global_colors_info=\u00a0\u00bb{}\u00a0\u00bb][\/et_pb_divider][\/et_pb_column][\/et_pb_row][et_pb_row column_structure=\u00a0\u00bb3_5,2_5&Prime; _builder_version=\u00a0\u00bb4.25.2&Prime; _module_preset=\u00a0\u00bbdefault\u00a0\u00bb background_enable_color=\u00a0\u00bboff\u00a0\u00bb transform_translate_tablet=\u00a0\u00bb\u00a0\u00bb transform_translate_phone=\u00a0\u00bb\u00a0\u00bb transform_translate_last_edited=\u00a0\u00bbon|desktop\u00a0\u00bb transform_rotate_tablet=\u00a0\u00bb\u00a0\u00bb transform_rotate_phone=\u00a0\u00bb\u00a0\u00bb transform_rotate_last_edited=\u00a0\u00bbon|desktop\u00a0\u00bb transform_skew_tablet=\u00a0\u00bb\u00a0\u00bb transform_skew_phone=\u00a0\u00bb\u00a0\u00bb transform_skew_last_edited=\u00a0\u00bbon|desktop\u00a0\u00bb transform_origin_tablet=\u00a0\u00bb\u00a0\u00bb transform_origin_phone=\u00a0\u00bb\u00a0\u00bb transform_origin_last_edited=\u00a0\u00bbon|desktop\u00a0\u00bb custom_padding=\u00a0\u00bb|30px||30px|false|false\u00a0\u00bb animation_style=\u00a0\u00bbfade\u00a0\u00bb global_colors_info=\u00a0\u00bb{}\u00a0\u00bb transform_translate__hover_enabled=\u00a0\u00bbon|desktop\u00a0\u00bb transform_rotate__hover_enabled=\u00a0\u00bbon|desktop\u00a0\u00bb transform_skew__hover_enabled=\u00a0\u00bbon|desktop\u00a0\u00bb transform_origin__hover_enabled=\u00a0\u00bbon|desktop\u00a0\u00bb][et_pb_column type=\u00a0\u00bb3_5&Prime; _builder_version=\u00a0\u00bb4.25.2&Prime; _module_preset=\u00a0\u00bbdefault\u00a0\u00bb global_colors_info=\u00a0\u00bb{}\u00a0\u00bb][et_pb_text _builder_version=\u00a0\u00bb4.25.2&Prime; _module_preset=\u00a0\u00bbdefault\u00a0\u00bb text_font=\u00a0\u00bbMontserrat||||||||\u00a0\u00bb text_text_color=\u00a0\u00bb#4a90e2&Prime; text_font_size=\u00a0\u00bb24px\u00a0\u00bb header_2_font=\u00a0\u00bbMontserrat||||||||\u00a0\u00bb header_2_text_color=\u00a0\u00bb#4a90e2&Prime; header_2_font_size_tablet=\u00a0\u00bb19px\u00a0\u00bb header_2_font_size_phone=\u00a0\u00bb15px\u00a0\u00bb header_2_font_size_last_edited=\u00a0\u00bbon|phone\u00a0\u00bb global_colors_info=\u00a0\u00bb{}\u00a0\u00bb]<\/p>\n<h2><strong>R\u00e9novation Int\u00e9rieure Compl\u00e8te<\/strong><\/h2>\n<p>[\/et_pb_text][et_pb_text _builder_version=\u00a0\u00bb4.25.2&Prime; _module_preset=\u00a0\u00bbdefault\u00a0\u00bb text_font=\u00a0\u00bb&#8211;et_global_body_font||||||||\u00a0\u00bb text_text_color=\u00a0\u00bb#2f2f2f\u00a0\u00bb text_font_size=\u00a0\u00bb16px\u00a0\u00bb text_font_size_tablet=\u00a0\u00bb14px\u00a0\u00bb text_font_size_phone=\u00a0\u00bb10px\u00a0\u00bb text_font_size_last_edited=\u00a0\u00bbon|phone\u00a0\u00bb global_colors_info=\u00a0\u00bb{}\u00a0\u00bb]<\/p>\n<ul>\n<li><strong>Cuisine et Salle de Bain<\/strong><span>\u00a0<\/span>: Modernisation et optimisation de l\u2019espace, remplacement de meubles et d\u2019\u00e9quipements, am\u00e9lioration de la plomberie et de l\u2019\u00e9lectricit\u00e9.<\/li>\n<li><strong>Am\u00e9nagement des Espaces<\/strong><span>\u00a0<\/span>: Cr\u00e9ation de nouveaux espaces fonctionnels comme des chambres, bureaux ou salles de jeux, pose de cloisons et de rev\u00eatements de sol (parquet, carrelage, moquette).<\/li>\n<li><strong>Travaux de Pl\u00e2trerie et Peinture<\/strong><span>\u00a0<\/span>: R\u00e9paration des murs, montage de cloisons, application de peintures et enduits d\u00e9coratifs.<\/li>\n<\/ul>\n<p>[\/et_pb_text][\/et_pb_column][et_pb_column type=\u00a0\u00bb2_5&Prime; _builder_version=\u00a0\u00bb4.25.2&Prime; _module_preset=\u00a0\u00bbdefault\u00a0\u00bb global_colors_info=\u00a0\u00bb{}\u00a0\u00bb][dsm_before_after_image before_src=\u00a0\u00bbhttps:\/\/toptravaux-renovation.fr\/wp-content\/uploads\/2024\/07\/Salon-2.png\u00a0\u00bb after_src=\u00a0\u00bbhttps:\/\/toptravaux-renovation.fr\/wp-content\/uploads\/2024\/07\/Salle-de-bains.png\u00a0\u00bb show_label_hover=\u00a0\u00bboff\u00a0\u00bb _builder_version=\u00a0\u00bb4.27.0&Prime; _module_preset=\u00a0\u00bbdefault\u00a0\u00bb hover_enabled=\u00a0\u00bb0&Prime; global_colors_info=\u00a0\u00bb{}\u00a0\u00bb sticky_enabled=\u00a0\u00bb0&Prime; before_label_background_color=\u00a0\u00bbRGBA(255,255,255,0)\u00a0\u00bb before_label_font_size=\u00a0\u00bb1px\u00a0\u00bb after_label_background_color=\u00a0\u00bbRGBA(255,255,255,0)\u00a0\u00bb after_label_font_size=\u00a0\u00bb1px\u00a0\u00bb][\/dsm_before_after_image][\/et_pb_column][\/et_pb_row][et_pb_row column_structure=\u00a0\u00bb2_5,3_5&Prime; _builder_version=\u00a0\u00bb4.25.2&Prime; _module_preset=\u00a0\u00bbdefault\u00a0\u00bb background_enable_color=\u00a0\u00bboff\u00a0\u00bb custom_margin=\u00a0\u00bb8px||8px||false|false\u00a0\u00bb custom_padding=\u00a0\u00bb|30px||30px|false|false\u00a0\u00bb animation_style=\u00a0\u00bbfade\u00a0\u00bb global_colors_info=\u00a0\u00bb{}\u00a0\u00bb transform_translate__hover_enabled=\u00a0\u00bbon|hover\u00a0\u00bb transform_rotate__hover_enabled=\u00a0\u00bbon|desktop\u00a0\u00bb transform_skew__hover_enabled=\u00a0\u00bbon|desktop\u00a0\u00bb transform_origin__hover_enabled=\u00a0\u00bbon|desktop\u00a0\u00bb transform_translate__hover=\u00a0\u00bb0px|0px\u00a0\u00bb][et_pb_column type=\u00a0\u00bb2_5&Prime; _builder_version=\u00a0\u00bb4.25.2&Prime; _module_preset=\u00a0\u00bbdefault\u00a0\u00bb global_colors_info=\u00a0\u00bb{}\u00a0\u00bb][dsm_before_after_image before_src=\u00a0\u00bbhttps:\/\/toptravaux-renovation.fr\/wp-content\/uploads\/2024\/07\/Chantier.png\u00a0\u00bb after_src=\u00a0\u00bbhttps:\/\/toptravaux-renovation.fr\/wp-content\/uploads\/2024\/07\/Charpente.png\u00a0\u00bb _builder_version=\u00a0\u00bb4.27.0&Prime; _module_preset=\u00a0\u00bbdefault\u00a0\u00bb hover_enabled=\u00a0\u00bb0&Prime; global_colors_info=\u00a0\u00bb{}\u00a0\u00bb title_text=\u00a0\u00bbCharpente\u00a0\u00bb sticky_enabled=\u00a0\u00bb0&Prime; before_label_background_color=\u00a0\u00bbRGBA(255,255,255,0)\u00a0\u00bb before_label_font_size=\u00a0\u00bb1px\u00a0\u00bb after_label_background_color=\u00a0\u00bbRGBA(255,255,255,0)\u00a0\u00bb after_label_font_size=\u00a0\u00bb1px\u00a0\u00bb][\/dsm_before_after_image][\/et_pb_column][et_pb_column type=\u00a0\u00bb3_5&Prime; _builder_version=\u00a0\u00bb4.25.2&Prime; _module_preset=\u00a0\u00bbdefault\u00a0\u00bb global_colors_info=\u00a0\u00bb{}\u00a0\u00bb][et_pb_text _builder_version=\u00a0\u00bb4.25.2&Prime; _module_preset=\u00a0\u00bbdefault\u00a0\u00bb text_font=\u00a0\u00bbMontserrat||||||||\u00a0\u00bb text_text_color=\u00a0\u00bb#4a90e2&Prime; text_font_size=\u00a0\u00bb24px\u00a0\u00bb header_2_font=\u00a0\u00bbMontserrat||||||||\u00a0\u00bb header_2_text_color=\u00a0\u00bb#4a90e2&Prime; text_font_size_tablet=\u00a0\u00bb19px\u00a0\u00bb text_font_size_phone=\u00a0\u00bb15px\u00a0\u00bb text_font_size_last_edited=\u00a0\u00bbon|phone\u00a0\u00bb header_2_font_size_tablet=\u00a0\u00bb19px\u00a0\u00bb header_2_font_size_phone=\u00a0\u00bb15px\u00a0\u00bb header_2_font_size_last_edited=\u00a0\u00bbon|tablet\u00a0\u00bb global_colors_info=\u00a0\u00bb{}\u00a0\u00bb]<\/p>\n<h2><strong>R\u00e9novation Ext\u00e9rieure et Toiture\u00a0<\/strong><\/h2>\n<p>[\/et_pb_text][et_pb_text _builder_version=\u00a0\u00bb4.25.2&Prime; _module_preset=\u00a0\u00bbdefault\u00a0\u00bb text_font=\u00a0\u00bb&#8211;et_global_body_font||||||||\u00a0\u00bb text_text_color=\u00a0\u00bb#2f2f2f\u00a0\u00bb text_font_size=\u00a0\u00bb16px\u00a0\u00bb text_font_size_tablet=\u00a0\u00bb14px\u00a0\u00bb text_font_size_phone=\u00a0\u00bb10px\u00a0\u00bb text_font_size_last_edited=\u00a0\u00bbon|phone\u00a0\u00bb global_colors_info=\u00a0\u00bb{}\u00a0\u00bb]<\/p>\n<ul>\n<li><strong>Ravalement de Fa\u00e7ade<\/strong><span>\u00a0<\/span>: Nettoyage, r\u00e9paration, isolation thermique et application de nouveaux rev\u00eatements pour moderniser l\u2019apparence ext\u00e9rieure.<\/li>\n<li><strong>Toiture et Charpente<\/strong><span>\u00a0<\/span>: R\u00e9paration et r\u00e9fection compl\u00e8te de la toiture, isolation des combles pour une meilleure efficacit\u00e9 \u00e9nerg\u00e9tique.<\/li>\n<li><strong>Terrasses et Balcons<\/strong><span>\u00a0<\/span>: Construction et r\u00e9novation de terrasses en bois ou pav\u00e9s, et installation de pergolas et abris.<\/li>\n<\/ul>\n<p>[\/et_pb_text][\/et_pb_column][\/et_pb_row][et_pb_row column_structure=\u00a0\u00bb3_5,2_5&Prime; _builder_version=\u00a0\u00bb4.25.2&Prime; _module_preset=\u00a0\u00bbdefault\u00a0\u00bb background_enable_color=\u00a0\u00bboff\u00a0\u00bb custom_padding=\u00a0\u00bb|30px||30px|false|false\u00a0\u00bb animation_style=\u00a0\u00bbfade\u00a0\u00bb global_colors_info=\u00a0\u00bb{}\u00a0\u00bb transform_translate__hover_enabled=\u00a0\u00bbon|hover\u00a0\u00bb transform_rotate__hover_enabled=\u00a0\u00bbon|desktop\u00a0\u00bb transform_skew__hover_enabled=\u00a0\u00bbon|desktop\u00a0\u00bb transform_origin__hover_enabled=\u00a0\u00bbon|desktop\u00a0\u00bb transform_translate__hover=\u00a0\u00bb0px|0px\u00a0\u00bb][et_pb_column type=\u00a0\u00bb3_5&Prime; _builder_version=\u00a0\u00bb4.25.2&Prime; _module_preset=\u00a0\u00bbdefault\u00a0\u00bb global_colors_info=\u00a0\u00bb{}\u00a0\u00bb][et_pb_text _builder_version=\u00a0\u00bb4.25.2&Prime; _module_preset=\u00a0\u00bbdefault\u00a0\u00bb text_font=\u00a0\u00bbMontserrat||||||||\u00a0\u00bb text_text_color=\u00a0\u00bb#4a90e2&Prime; text_font_size=\u00a0\u00bb24px\u00a0\u00bb header_2_font=\u00a0\u00bbMontserrat||||||||\u00a0\u00bb header_2_text_color=\u00a0\u00bb#4a90e2&Prime; header_2_font_size_tablet=\u00a0\u00bb19px\u00a0\u00bb header_2_font_size_phone=\u00a0\u00bb15px\u00a0\u00bb header_2_font_size_last_edited=\u00a0\u00bbon|phone\u00a0\u00bb global_colors_info=\u00a0\u00bb{}\u00a0\u00bb]<\/p>\n<h2><strong>Isolation et Efficacit\u00e9 \u00c9nerg\u00e9tique<\/strong><\/h2>\n<p>[\/et_pb_text][et_pb_text _builder_version=\u00a0\u00bb4.25.2&Prime; _module_preset=\u00a0\u00bbdefault\u00a0\u00bb text_font=\u00a0\u00bb&#8211;et_global_body_font||||||||\u00a0\u00bb text_text_color=\u00a0\u00bb#2f2f2f\u00a0\u00bb text_font_size=\u00a0\u00bb16px\u00a0\u00bb text_font_size_tablet=\u00a0\u00bb14px\u00a0\u00bb text_font_size_phone=\u00a0\u00bb10px\u00a0\u00bb text_font_size_last_edited=\u00a0\u00bbon|phone\u00a0\u00bb global_colors_info=\u00a0\u00bb{}\u00a0\u00bb]<\/p>\n<ul>\n<li><strong>Isolation Thermique<\/strong><span>\u00a0<\/span>: Installation d\u2019isolants pour r\u00e9duire les pertes de chaleur, isolation des murs, combles et sols.<\/li>\n<li><strong>Syst\u00e8mes \u00c9co\u00e9nerg\u00e9tiques<\/strong><span>\u00a0<\/span>: Mise en place de panneaux solaires, pompes \u00e0 chaleur et \u00e9clairage LED pour une consommation \u00e9nerg\u00e9tique r\u00e9duite.<\/li>\n<li><strong>Fen\u00eatres et Portes Isolantes<\/strong><span>\u00a0<\/span>: Remplacement des fen\u00eatres et portes pour am\u00e9liorer l\u2019efficacit\u00e9 \u00e9nerg\u00e9tique et le confort.<\/li>\n<\/ul>\n<p>[\/et_pb_text][\/et_pb_column][et_pb_column type=\u00a0\u00bb2_5&Prime; _builder_version=\u00a0\u00bb4.25.2&Prime; _module_preset=\u00a0\u00bbdefault\u00a0\u00bb global_colors_info=\u00a0\u00bb{}\u00a0\u00bb][dsm_before_after_image before_src=\u00a0\u00bbhttps:\/\/toptravaux-renovation.fr\/wp-content\/uploads\/2024\/06\/Comment-poser-isolation-interieure.jpg\u00a0\u00bb after_src=\u00a0\u00bbhttps:\/\/toptravaux-renovation.fr\/wp-content\/uploads\/2024\/07\/panneau-solaire.png\u00a0\u00bb _builder_version=\u00a0\u00bb4.27.0&Prime; _module_preset=\u00a0\u00bbdefault\u00a0\u00bb hover_enabled=\u00a0\u00bb0&Prime; global_colors_info=\u00a0\u00bb{}\u00a0\u00bb title_text=\u00a0\u00bbpanneau solaire\u00a0\u00bb sticky_enabled=\u00a0\u00bb0&Prime; before_label_background_color=\u00a0\u00bbRGBA(255,255,255,0)\u00a0\u00bb before_label_font_size=\u00a0\u00bb1px\u00a0\u00bb after_label_background_color=\u00a0\u00bbRGBA(255,255,255,0)\u00a0\u00bb after_label_font_size=\u00a0\u00bb1px\u00a0\u00bb][\/dsm_before_after_image][\/et_pb_column][\/et_pb_row][et_pb_row column_structure=\u00a0\u00bb2_5,3_5&Prime; _builder_version=\u00a0\u00bb4.25.2&Prime; _module_preset=\u00a0\u00bbdefault\u00a0\u00bb background_enable_color=\u00a0\u00bboff\u00a0\u00bb custom_margin=\u00a0\u00bb8px||8px||false|false\u00a0\u00bb custom_padding=\u00a0\u00bb|30px||30px|false|false\u00a0\u00bb animation_style=\u00a0\u00bbfade\u00a0\u00bb global_colors_info=\u00a0\u00bb{}\u00a0\u00bb transform_translate__hover_enabled=\u00a0\u00bbon|hover\u00a0\u00bb transform_rotate__hover_enabled=\u00a0\u00bbon|desktop\u00a0\u00bb transform_skew__hover_enabled=\u00a0\u00bbon|desktop\u00a0\u00bb transform_origin__hover_enabled=\u00a0\u00bbon|desktop\u00a0\u00bb transform_translate__hover=\u00a0\u00bb0px|0px\u00a0\u00bb][et_pb_column type=\u00a0\u00bb2_5&Prime; _builder_version=\u00a0\u00bb4.25.2&Prime; _module_preset=\u00a0\u00bbdefault\u00a0\u00bb global_colors_info=\u00a0\u00bb{}\u00a0\u00bb][dsm_before_after_image before_src=\u00a0\u00bbhttps:\/\/toptravaux-renovation.fr\/wp-content\/uploads\/2024\/07\/aide-escalier.png\u00a0\u00bb after_src=\u00a0\u00bbhttps:\/\/toptravaux-renovation.fr\/wp-content\/uploads\/2024\/07\/Ascenceur-priver.png\u00a0\u00bb _builder_version=\u00a0\u00bb4.27.0&Prime; _module_preset=\u00a0\u00bbdefault\u00a0\u00bb hover_enabled=\u00a0\u00bb0&Prime; global_colors_info=\u00a0\u00bb{}\u00a0\u00bb title_text=\u00a0\u00bbaide escalier\u00a0\u00bb sticky_enabled=\u00a0\u00bb0&Prime; before_label_background_color=\u00a0\u00bbRGBA(255,255,255,0)\u00a0\u00bb before_label_font_size=\u00a0\u00bb1px\u00a0\u00bb after_label_background_color=\u00a0\u00bbRGBA(255,255,255,0)\u00a0\u00bb after_label_font_size=\u00a0\u00bb1px\u00a0\u00bb][\/dsm_before_after_image][\/et_pb_column][et_pb_column type=\u00a0\u00bb3_5&Prime; _builder_version=\u00a0\u00bb4.25.2&Prime; _module_preset=\u00a0\u00bbdefault\u00a0\u00bb global_colors_info=\u00a0\u00bb{}\u00a0\u00bb][et_pb_text _builder_version=\u00a0\u00bb4.25.2&Prime; _module_preset=\u00a0\u00bbdefault\u00a0\u00bb text_font=\u00a0\u00bbMontserrat||||||||\u00a0\u00bb text_text_color=\u00a0\u00bb#4a90e2&Prime; text_font_size=\u00a0\u00bb24px\u00a0\u00bb header_2_font=\u00a0\u00bbMontserrat||||||||\u00a0\u00bb header_2_text_color=\u00a0\u00bb#4a90e2&Prime; header_2_font_size_tablet=\u00a0\u00bb19px\u00a0\u00bb header_2_font_size_phone=\u00a0\u00bb15px\u00a0\u00bb header_2_font_size_last_edited=\u00a0\u00bbon|phone\u00a0\u00bb global_colors_info=\u00a0\u00bb{}\u00a0\u00bb]<\/p>\n<h2><strong>Adaptation pour Personnes \u00e0 Mobilit\u00e9 R\u00e9duite (PMR)<\/strong><\/h2>\n<p>[\/et_pb_text][et_pb_text _builder_version=\u00a0\u00bb4.25.2&Prime; _module_preset=\u00a0\u00bbdefault\u00a0\u00bb text_font=\u00a0\u00bb&#8211;et_global_body_font||||||||\u00a0\u00bb text_text_color=\u00a0\u00bb#2f2f2f\u00a0\u00bb text_font_size=\u00a0\u00bb16px\u00a0\u00bb text_font_size_tablet=\u00a0\u00bb14px\u00a0\u00bb text_font_size_phone=\u00a0\u00bb10px\u00a0\u00bb text_font_size_last_edited=\u00a0\u00bbon|phone\u00a0\u00bb global_colors_info=\u00a0\u00bb{}\u00a0\u00bb]<\/p>\n<ul>\n<li><strong>Accessibilit\u00e9<\/strong><span>\u00a0<\/span>: Installation de rampes, modifications des acc\u00e8s, cr\u00e9ation de salles de bain adapt\u00e9es avec douches sans seuil et barres de soutien.<\/li>\n<li><strong>Ajustements Int\u00e9rieurs<\/strong><span>\u00a0<\/span>: Am\u00e9nagement de l\u2019espace int\u00e9rieur pour faciliter la mobilit\u00e9 et am\u00e9liorer l\u2019accessibilit\u00e9.<\/li>\n<\/ul>\n<p>[\/et_pb_text][\/et_pb_column][\/et_pb_row][\/et_pb_section]<\/p>\n","protected":false},"excerpt":{"rendered":"<p>Nos Services de R\u00e9novationR\u00e9novation Int\u00e9rieure Compl\u00e8te Cuisine et Salle de Bain\u00a0: Modernisation et optimisation de l\u2019espace, remplacement de meubles et d\u2019\u00e9quipements, am\u00e9lioration de la plomberie et de l\u2019\u00e9lectricit\u00e9. Am\u00e9nagement des Espaces\u00a0: Cr\u00e9ation de nouveaux espaces fonctionnels comme des chambres, bureaux ou salles de jeux, pose de cloisons et de rev\u00eatements de sol (parquet, carrelage, moquette). Travaux de Pl\u00e2trerie et Peinture\u00a0: R\u00e9paration des murs, montage de cloisons, application de peintures et enduits d\u00e9coratifs. <div class=\"et_pb_module dsm_before_after_image dsm_before_after_image_0 dsm-before-after-image-show-labels\">\n\t\t\t\t\n\t\t\t\t\n\t\t\t\t\n\t\t\t\t\n\t\t\t\t\n\t\t\t\t\n\t\t\t\t<div class=\"et_pb_module_inner\">\n\t\t\t\t\t<div class=\"dsm_before_after_image_wrapper\" data-params=[{\"offset\":\"0.5\",\"orientation\":\"horizontal\",\"overlay\":false,\"hover\":false,\"handle\":true,\"click\":false}]>\n\t\t\t\t\n\t\t\t\t\n\t\t\t\t<img decoding=\"async\" src=\"https:\/\/toptravaux-renovation.fr\/wp-content\/uploads\/2024\/07\/Salon-2.png\" alt=\"\" title=\"\" srcset=\"https:\/\/toptravaux-renovation.fr\/wp-content\/uploads\/2024\/07\/Salon-2.png 1600w, https:\/\/toptravaux-renovation.fr\/wp-content\/uploads\/2024\/07\/Salon-2-1280x1230.png 1280w, https:\/\/toptravaux-renovation.fr\/wp-content\/uploads\/2024\/07\/Salon-2-980x941.png 980w, https:\/\/toptravaux-renovation.fr\/wp-content\/uploads\/2024\/07\/Salon-2-480x461.png 480w\" sizes=\"(min-width: 0px) and (max-width: 480px) 480px, (min-width: 481px) and (max-width: 980px) 980px, (min-width: 981px) and (max-width: 1280px) 1280px, (min-width: 1281px) 1600px, 100vw\" class=\"skip-lazy\" \/><img decoding=\"async\" src=\"https:\/\/toptravaux-renovation.fr\/wp-content\/uploads\/2024\/07\/Salle-de-bains.png\" alt=\"\" title=\"\" srcset=\"https:\/\/toptravaux-renovation.fr\/wp-content\/uploads\/2024\/07\/Salle-de-bains.png 1600w, https:\/\/toptravaux-renovation.fr\/wp-content\/uploads\/2024\/07\/Salle-de-bains-1280x1230.png 1280w, https:\/\/toptravaux-renovation.fr\/wp-content\/uploads\/2024\/07\/Salle-de-bains-980x941.png 980w, https:\/\/toptravaux-renovation.fr\/wp-content\/uploads\/2024\/07\/Salle-de-bains-480x461.png 480w\" sizes=\"(min-width: 0px) and (max-width: 480px) 480px, (min-width: 481px) and (max-width: 980px) 980px, (min-width: 981px) and (max-width: 1280px) 1280px, (min-width: 1281px) 1600px, 100vw\" class=\"skip-lazy\" \/>\n\t\t\t<\/div>\n\t\t\t\t<\/div>\n\t\t\t<\/div><div class=\"et_pb_module dsm_before_after_image dsm_before_after_image_1\">\n\t\t\t\t\n\t\t\t\t\n\t\t\t\t\n\t\t\t\t\n\t\t\t\t\n\t\t\t\t\n\t\t\t\t<div class=\"et_pb_module_inner\">\n\t\t\t\t\t<div class=\"dsm_before_after_image_wrapper\" data-params=[{\"offset\":\"0.5\",\"orientation\":\"horizontal\",\"overlay\":false,\"hover\":false,\"handle\":true,\"click\":false}]>\n\t\t\t\t\n\t\t\t\t\n\t\t\t\t<img decoding=\"async\" src=\"https:\/\/toptravaux-renovation.fr\/wp-content\/uploads\/2024\/07\/Chantier.png\" alt=\"\" title=\"\" srcset=\"https:\/\/toptravaux-renovation.fr\/wp-content\/uploads\/2024\/07\/Chantier.png 1600w, https:\/\/toptravaux-renovation.fr\/wp-content\/uploads\/2024\/07\/Chantier-1280x1230.png 1280w, https:\/\/toptravaux-renovation.fr\/wp-content\/uploads\/2024\/07\/Chantier-980x941.png 980w, https:\/\/toptravaux-renovation.fr\/wp-content\/uploads\/2024\/07\/Chantier-480x461.png 480w\" sizes=\"(min-width: 0px) and (max-width: 480px) 480px, (min-width: 481px) and (max-width: 980px) 980px, (min-width: 981px) and (max-width: 1280px) 1280px, (min-width: 1281px) 1600px, 100vw\" class=\"skip-lazy\" \/><img decoding=\"async\" src=\"https:\/\/toptravaux-renovation.fr\/wp-content\/uploads\/2024\/07\/Charpente.png\" alt=\"\" title=\"\" srcset=\"https:\/\/toptravaux-renovation.fr\/wp-content\/uploads\/2024\/07\/Charpente.png 1600w, https:\/\/toptravaux-renovation.fr\/wp-content\/uploads\/2024\/07\/Charpente-1280x1230.png 1280w, https:\/\/toptravaux-renovation.fr\/wp-content\/uploads\/2024\/07\/Charpente-980x941.png 980w, https:\/\/toptravaux-renovation.fr\/wp-content\/uploads\/2024\/07\/Charpente-480x461.png 480w\" sizes=\"(min-width: 0px) and (max-width: 480px) 480px, (min-width: 481px) and (max-width: 980px) 980px, (min-width: 981px) and (max-width: 1280px) 1280px, (min-width: 1281px) 1600px, 100vw\" class=\"skip-lazy\" \/>\n\t\t\t<\/div>\n\t\t\t\t<\/div>\n\t\t\t<\/div>R\u00e9novation Ext\u00e9rieure et Toiture\u00a0 Ravalement de Fa\u00e7ade\u00a0: Nettoyage, r\u00e9paration, isolation thermique et application de nouveaux rev\u00eatements pour moderniser l\u2019apparence ext\u00e9rieure. Toiture et Charpente\u00a0: R\u00e9paration et r\u00e9fection compl\u00e8te de la toiture, isolation des combles pour une meilleure efficacit\u00e9 \u00e9nerg\u00e9tique. Terrasses et Balcons\u00a0: Construction et r\u00e9novation de terrasses en bois ou pav\u00e9s, et installation de pergolas et abris. Isolation et Efficacit\u00e9 \u00c9nerg\u00e9tique Isolation Thermique\u00a0: Installation d\u2019isolants pour r\u00e9duire les pertes de chaleur, isolation des murs, combles et sols. Syst\u00e8mes \u00c9co\u00e9nerg\u00e9tiques\u00a0: Mise en place de panneaux solaires, pompes \u00e0 chaleur et \u00e9clairage LED pour une consommation \u00e9nerg\u00e9tique r\u00e9duite. Fen\u00eatres et Portes Isolantes\u00a0: Remplacement des fen\u00eatres et portes [&hellip;]<\/p>\n","protected":false},"author":1,"featured_media":0,"parent":0,"menu_order":2,"comment_status":"closed","ping_status":"closed","template":"","meta":{"_et_pb_use_builder":"on","_et_pb_old_content":"<!-- wp:divi\/placeholder \/-->","_et_gb_content_width":"","footnotes":""},"class_list":["post-52","page","type-page","status-publish","hentry"],"_links":{"self":[{"href":"https:\/\/toptravaux-renovation.fr\/index.php\/wp-json\/wp\/v2\/pages\/52","targetHints":{"allow":["GET"]}}],"collection":[{"href":"https:\/\/toptravaux-renovation.fr\/index.php\/wp-json\/wp\/v2\/pages"}],"about":[{"href":"https:\/\/toptravaux-renovation.fr\/index.php\/wp-json\/wp\/v2\/types\/page"}],"author":[{"embeddable":true,"href":"https:\/\/toptravaux-renovation.fr\/index.php\/wp-json\/wp\/v2\/users\/1"}],"replies":[{"embeddable":true,"href":"https:\/\/toptravaux-renovation.fr\/index.php\/wp-json\/wp\/v2\/comments?post=52"}],"version-history":[{"count":38,"href":"https:\/\/toptravaux-renovation.fr\/index.php\/wp-json\/wp\/v2\/pages\/52\/revisions"}],"predecessor-version":[{"id":285,"href":"https:\/\/toptravaux-renovation.fr\/index.php\/wp-json\/wp\/v2\/pages\/52\/revisions\/285"}],"wp:attachment":[{"href":"https:\/\/toptravaux-renovation.fr\/index.php\/wp-json\/wp\/v2\/media?parent=52"}],"curies":[{"name":"wp","href":"https:\/\/api.w.org\/{rel}","templated":true}]}}